 11?
1210a4
What is 109a661 (base 11) in base 4?
13110013321
acd2d (base 15) to base 5
120042333
8ee742 (base 15) to base 10
6832637
Convert b1b00 (base 12) to base 4.
320133300
Convert -1250a03 (base 12) to base 7.
-42334614
10010001100111101100010 (base 2) to base 9
8872458
What is -7c52e (base 15) in base 14?
-a448c
What is 1100211221 (base 4) in base 13?
b7326
1002533 (base 6) to base 9
71773
What is 1012122010222 (base 3) in base 7?
5313521
-275ba98 (base 12) to base 14
-10805da
What is 31323021 (base 4) in base 15?
11d73
What is 36191 (base 10) in base 8?
106537
What is 10000010111001 (base 2) in base 4?
2002321
What is 1000011110101011101111 (base 2) in base 13?
5ca9b0
What is -174451 (base 9) in base 8?
-323346
-461541 (base 8) to base 9
-257623
What is 1001000001111011 (base 2) in base 10?
36987
Convert -5390 (base 10) to base 14.
-1d70
137500 (base 16) to base 2
100110111010100000000
Convert 9cf23 (base 16) to base 10.
642851
Convert a52b0 (base 12) to base 6.
4345540
-1010110010010111000100 (base 2) to base 16
-2b25c4
Convert -106a13 (base 11) to base 8.
-514425
Convert 10011111011101110100 (base 2) to base 8.
2373564
What is -6d492b (base 16) in base 15?
-9671c0
What is -21b63 (base 15) in base 9?
-173033
Convert 110000110001011100100 (base 2) to base 10.
1598180
What is -10022500 (base 6) in base 5?
-33030030
What is -200233112213 (base 4) in base 14?
-11d5a87
Convert 1cc62a (base 16) to base 13.
51042a
3a5b9a (base 14) to base 16
1eb9cc
What is -870bca (base 15) in base 2?
-11000100010010100101000
11ab63 (base 13) to base 2
1100111011101010100
What is -332525 (base 6) in base 14?
-a20d
Convert -110100011011010111100 (base 2) to base 14.
-32a108
771e9 (base 15) to base 2
1011100011001001100
Convert -83b32 (base 12) to base 6.
-3411302
Convert -10232220 (base 5) to base 15.
-1a9aa
What is -b712b9 (base 12) in base 6?
-141453553
What is 1229420 (base 11) in base 12?
86b946
What is 41ca6 (base 13) in base 15?
25220
-1833447 (base 9) to base 12
-41595a
868071 (base 10) to base 2
11010011111011100111
1200322212 (base 4) to base 16
60ea6
22172546 (base 8) to base 16
48f566
32b2b9 (base 12) to base 9
1460486
What is -4be2af (base 16) in base 8?
-22761257
-1702289 (base 12) to base 11
-2741a67
What is -2b96a8 (base 15) in base 6?
-113100552
320011001 (base 5) to base 9
2444778
What is -30133531 (base 6) in base 16?
-d015f
What is 1100011001111100001101 (base 2) in base 12?
1109b25
What is -29c33 (base 16) in base 5?
-20433214
Convert -13539707 (base 10) to base 4.
-303221211323
What is -5f2c0 (base 16) in base 5?
-44433244
11110110010100 (base 2) to base 11
10931
Convert -97153 (base 15) to base 14.
-c6a9b
Convert -3032230200 (base 4) to base 5.
-204042444
-56bba (base 13) to base 2
-100110100100101111
Convert 5460a83 (base 11) to base 15.
c96c56
110111001001011111110 (base 2) to base 15
25a687
What is -3106316 (base 7) in base 4?
-1122310010
155103 (base 7) to base 11
20a7a
Convert 2332021102 (base 4) to base 13.
213664
What is 1610640 (base 10) in base 11?
a00109
255535 (base 6) to base 9
34875
20334400 (base 5) to base 2
101001000010100100
Convert -1b8b2 (base 12) to base 4.
-22001012
What is 16937f (base 16) in base 13?
3ca598
-59830 (base 11) to base 15
-1a80a
What is -1153251 (base 9) in base 8?
-2306032
What is 697b06 (base 16) in base 3?
111000012112200
-1e8ade (base 16) to base 13
-5510c7
What is -1904472 (base 10) in base 2?
-111010000111101011000
Convert -1356120 (base 7) to base 8.
-543664
What is 1741ba7 (base 14) in base 6?
1045251115
Convert -1340403 (base 5) to base 15.
-82a3
What is 141cc0 (base 15) in base 2?
11101100010111000010
Convert 3325311 (base 6) to base 8.
506253
-103313303 (base 4) to base 16
-13df3
What is -3385759 (base 10) in base 2?
-1100111010100110011111
What is 3f8ac1 (base 16) in base 10?
4164289
1614581 (base 12) to base 16
44c731
12534 (base 13) to base 9
51373
What is 120210 (base 12) in base 7?
2320146
Convert -2130223032 (base 4) to base 6.
-21431010
-706029 (base 11) to base 12
-469066
What is -18a690 (base 11) in base 7?
-2325141
-287025 (base 9) to base 5
-21110322
Convert 533300 (base 6) to base 10.
43524
What is -100000010101010100 (base 2) in base 7?
-1061053
Convert -583607 (base 10) to base 4.
-2032132313
Convert -415261 (base 8) to base 4.
-201222301
What is -c1583d (base 16) in base 15?
-11a45ac
6123007 (base 9) to base 15
446c41
-10212031322 (base 4) to base 16
-12637a
-221002210111012 (base 3) to base 10
-13341056
What is c36 (base 14) in base 12?
1480
Convert 815600 (base 13) to base 9.
5588158
-61cc5 (base 13) to base 5
-21111002
543054 (base 6) to base 8
127312
Convert 7036 (base 8) to base 7.
13352
What is 54441015 (base 7) in base 12?
168bb36
-110231103 (base 6) to base 11
-1132046
What is -13561030 (base 8) in base 16?
-2ee218
-32103232 (base 4) to base 3
-2222101121
Convert -2455647 (base 9) to base 16.
-1462f9
-31943 (base 14) to base 12
-59407
-3010001223 (base 4) to base 7
-6552612
Convert 1b3a09 (base 12) to base 10.
483561
Convert -132300011 (base 5) to base 10.
-665631
What is -260285 (base 11) in base 4?
-1210022223
Convert 3834273 (base 12) to base 16.
a81f77
What is -13013003201 (base 4) in base 16?
-1c70e1
What is -324234102 (base 5) in base 4?
-11111213231
-2173002 (base 8) to base 15
-b9011
-100102202221100 (base 3) to base 10
-5014746
2302051 (base 7) to base 9
475827
-235d6 (base 16) to base 9
-240628
Convert -1101212001101 (base 3) to base 14.
-155759
110234202 (base 5) to base 4
1310203303
Convert 1101111100011111000011 (base 2) to base 3.
20212201120022
What is 10913 (base 10) in base 9?
15865
Convert 11021001110 (base 3) to base 5.
10140444
Convert 234224421 (base 5) to base 4.
10021030130
Convert -12000210211211 (base 3) to base 11.
-15663a9
-31647637 (base 8) to base 9
-13658448
Convert -1736a3 (base 12) to base 8.
-1415433
What is 122169 (base 12) in base 7?
2333046
What is -2848 (base 11) in base 7?
-13510
Convert 520147 (base 9) to base 13.
aa551
-11202231031 (base 5) to base 10
-12539516
Convert 122700 (base 11) to base 3.
100211220100
What is -22210110101001 (base 3) in base 8?
-21650542
What is -11001000011010001011000 (base 2) in base 14?
-c2d316
2487176 (base 9) to base 5
321404234
What is 4052241 (base 6) in base 9?
324547
Convert 4629978 (base 12) to base 15.
12b8945
What is 1734577 (base 10) in base 12?
6b7981
What is -1312131 (base 6) in base 11?
-49a13
What is -11510521 (base 8) in base 16?
-269151
Convert 202211120122 (base 3) to base 13.
114899
233020222 (base 4) to base 16
2f22a
b030 (base 14) to base 3
1112110111
31a11 (base 13) to base 8
256760
What is -becd88 (base 15) in base 2?
-100010101111000000010100
What is 11010200221010 (base 3) in base 7?
24454644
What is 310435 (base 6) in base 11?
17698
-3645b8 (base 14) to base 11
-1058561
What is 9507ca (base 14) in base 10?
5034046
What is -b9aa86 (base 13) in base 16?
-429af2
What is -115727 (base 10) in base 8?
-342017
Convert -c8e98 (base 16) to base 2.
-11001000111010011000
12021513 (base 7) to base 4
10003310301
Convert -1030334103 (base 5) to base 6.
-115045502
What is -2010102212021 (base 3) in base 16?
-114052
-21062430 (base 7) to base 3
-10100102202120
-208516 (base 10) to base 2
-110010111010000100
-3022331 (base 6) to base 8
-427417
Convert -b7495 (base 12) to base 9.
-406375
-4568cb (base 13) to base 3
-10002110022221
66345034 (base 7) to base 15
77b7e7
-2e98 (base 16) to base 12
-6aa0
What is -1671007 (base 8) in base 4?
-1313020013
Convert -1425a2 (base 14) to base 11.
-437545
202466 (base 8) to base 14
1a526
Convert -10110001011010001 (base 2) to base 9.
-147535
What is 1111111100011100 (base 2) in base 8?
177434
-2964851 (base 10) to base 9
-5518008
Convert 275643 (base 10) to base 14.
7264b
What is -1a40786 (base 11) in base 8?
-15101650
What is 201131110 (base 4) in base 16?
21754
Convert 101212120012021 (base 3) to base 16.
582b14
4278863 (base 9) to base 3
11022122222010
What is -280581 (base 9) in base 8?
-516070
What is 3846a7 (base 11) in base 16?
940f0
What is -24953 (base 11) in base 10?
-35753
Convert 3293818 (base 10) to base 7.
36665653
-18599a (base 13) to base 14
-11d27c
Convert 7fdd (base 16) to base 3.
1122220100
-2031022200 (base 4) to base 11
-365464
What